
Suppose 2471 = 2*h + 905. What is the units digit of h?
3
Suppose x - 2953 = -2*n, x - 4*x + 8829 = -4*n. What is the units digit of x?
7
Suppose -3 = u + 2*d - 13, 0 = -4*u + d - 5. Suppose -6*t + 123 + 81 = u. What is the units digit of t?
4
Let l = 127 + 40. Suppose -4*p - 3*j + l = 0, 6*j - j = -2*p + 73. Suppose -2*z + 4*d = -60, 2*d - 7*d = z - p. What is the units digit of z?
4
Suppose -5*k - 4 - 1 = -4*y, -4*k - 3 = -3*y. Suppose -3*h + k*t - 46 = -166, -h + 25 = -4*t. Suppose -4*g + h = -27. What is the tens digit of g?
1
Suppose 4*a + 16 = 0, 0 = 3*i + 4*a - 72 - 4004. What is the units digit of i?
4
Suppose 27*i - 68773 + 19957 = 0. What is the hundreds digit of i?
8
Let h be (-119)/(-13) + 2/(-13). Suppose 0 = h*c - 684 - 1557. What is the units digit of c?
9
Suppose 4*c - a - 5537 = 0, 3*c - 2988 - 1161 = -3*a. What is the hundreds digit of (-3 - -5)/(16/c)?
1
Let s = 708 + -377. Suppose -2*l + s = 117. What is the units digit of l?
7
Let g(q) = -q - 11. Let l be g(-6). Let f(u) = -u**2 - 10*u + 7. Let x be f(l). Suppose p - x = -p. What is the units digit of p?
6
Let z = 32 - 15. Let d(p) = -z*p - 2*p + p - 2. What is the units digit of d(-2)?
4
Let a = -3 + 7. Suppose a*s - k + 2*k - 255 = 0, -4*s = 2*k - 258. Suppose 0 = 4*o - s - 49. What is the units digit of o?
8
Let t = 773 - -2. What is the tens digit of t?
7
Let f(a) = 3*a**3 - 2*a**2 + 1. Let i be f(1). Let j(q) = 28*q - 31. Let n be j(3). Suppose y = 4*y, -w = -i*y - n. What is the tens digit of w?
5
Let a = 2 - -6. Suppose -77 = -5*j + a. Let s = 27 - j. What is the units digit of s?
0
Let i(g) = g**2 + 9*g + 58. What is the units digit of i(-10)?
8
Let j = 788 + -529. What is the tens digit of j?
5
Let u = -647 - -1067. What is the units digit of u?
0
Let c = 63 - -1408. What is the units digit of c?
1
Let c = 3035 + -596. What is the thousands digit of c?
2
Suppose -67*d = -66*d - 3*o - 259, 4*d - 1014 = o. What is the units digit of d?
3
Let y = -2243 - -3485. What is the tens digit of 0 - (2/(-10) - y/15)?
8
Let q be ((-3736)/16)/((-1)/2). Let f be 7/(-14) + q/2. Suppose -86 = 3*z - f. What is the units digit of z?
9
Let t(y) = y**2 - 7*y - 3. Let b be t(8). Suppose -8 = -b*c + 2. Suppose 0 = -c*h + 5*n + 29, -2*h + 27 = h - 2*n. What is the units digit of h?
7
Let i be ((-93)/9)/((-2)/36). Suppose -5*z - i = -7*z. What is the units digit of z?
3
Let a = 313 - -188. What is the units digit of a?
1
What is the units digit of (8/32 - (-2961)/12)/1?
7
Suppose 5*m = -93 + 928. Let f = m - -72. What is the tens digit of f?
3
Let d(k) = 2*k**2 - 9*k + 19. Let n be 58/7 - (-18)/(-63). What is the tens digit of d(n)?
7
Let s(i) = -3*i**2 - 2*i**3 + 5*i**2 - 1 + 5*i - 4*i + 0. Let u = -44 - -42. What is the tens digit of s(u)?
2
Let t = -129 - -169. What is the tens digit of t?
4
Let r = -821 - -1300. What is the units digit of r?
9
Let z = -532 + 2992. What is the thousands digit of z?
2
Let k(a) = -a**3 - 4*a**2 - 2*a + 3. Let w = -1 + -2. Let i be k(w). Suppose 4*s = -4*m - 12, -s = -i*s + 4. What is the units digit of m?
1
Let p = 49 + -33. Suppose 2*q - p = -14. What is the units digit of -6*(q + 2)/(-3)?
6
Let i = 3321 - 1631. What is the units digit of i?
0
Suppose -h + 6*h = 10. Suppose -y + 9 = 2*n, y - h*n = n + 34. What is the tens digit of y?
1
Suppose 3*g - 2 = 7. Let w(s) = -4*s**2 + 2. Let m be w(g). Let o = m + 58. What is the units digit of o?
4
Suppose -14 = 3*z - 77. Suppose 0 = z*p - 20*p - 3. What is the tens digit of 5/(20/168) - p?
3
Suppose -30*p + 27*p + 213 = 0. Let r = 126 - p. What is the tens digit of r?
5
Suppose -5*z + 30 = 3*a, -5*a + z = -3*z - 50. What is the tens digit of a?
1
Suppose -j + 15*q = 16*q - 1041, 5*q - 5 = 0. What is the hundreds digit of j?
0
Let y = -367 - -838. What is the tens digit of y?
7
Let m = 616 - 247. What is the units digit of m?
9
Let j be (-4 - (-26)/6)*9. Suppose -j*s = -g - 801, -s + g + 267 = -g. What is the units digit of s?
7
Let m(v) = 4*v**3 - 14*v**2 - 32*v + 197. What is the hundreds digit of m(12)?
7
Suppose 3*u - u = -198. Let m = 2 - u. What is the hundreds digit of m?
1
Suppose -581 = -5*p + 3*l + 1099, 0 = 5*p + l - 1700. What is the units digit of p?
9
Let g(o) = -7*o + 2. Let x be g(-4). Let q = -30 + x. Suppose 5*b - 101 - 164 = q. What is the units digit of b?
3
Suppose 2*n + h - 1170 = 0, 12*n = 14*n + 4*h - 1164. What is the tens digit of n?
8
Let k(r) = 524*r**2 + 2*r. What is the tens digit of k(1)?
2
Suppose -3*b = 3*i - 321, 3*b + 4 = 7*b. What is the units digit of i?
6
Let d(x) = -2*x + 7. Let r be d(5). Let l(v) = -11*v + 5. What is the units digit of l(r)?
8
Suppose -j + 2*j = 12. Suppose -4*w = t - 48, -t = 3*w - 57 + j. Suppose -5 = 5*c, 0*a + 4*c = -2*a + t. What is the tens digit of a?
2
Let s(w) = 3*w**2 - 23*w + 11. What is the units digit of s(17)?
7
Let k = 823 - 296. What is the units digit of k?
7
Suppose -n + 514 = -5*c + 3114, -3*c = 5*n - 1560. What is the tens digit of c?
2
Let y(a) = -a**3 + 9*a**2 + 21*a - 21. What is the units digit of y(10)?
9
Suppose 2*s + 3*a + 978 = 6*s, s - 2*a - 247 = 0. Suppose -95 = 4*j - s. Suppose -j = -4*w + 19. What is the units digit of w?
4
Let k = -24 - -40. Suppose -15*l - 60 = -k*l. What is the tens digit of l?
6
What is the thousands digit of (508/6)/((-27)/(30537/(-26)))?
3
Suppose -52*x - 14377 = -63*x. What is the thousands digit of x?
1
What is the hundreds digit of -6 - (-4807 + (-40)/4)?
8
Suppose 2*u + 9 = 5*u. Suppose -4*a - 2*q - 1 = -u*a, -2*a + 12 = -3*q. Suppose a*x - 18 = 24. What is the tens digit of x?
1
Let l(t) = t**3 - 10*t**2 + 11*t + 21. Suppose 18 = 7*g - 5*g. What is the tens digit of l(g)?
3
Let g(f) = -4*f**3 - 2*f - 5. Let a = 18 - 21. What is the units digit of g(a)?
9
Let t(f) = f**2 + 4*f + 5. Let a(s) be the first derivative of s**4/4 + 11*s**3/3 - 6*s**2 - 5*s - 2. Let l be a(-12). What is the units digit of t(l)?
0
Let a(y) = 6*y**2 - 15*y + 15. What is the hundreds digit of a(6)?
1
Let g(l) = -4*l - 3. Let a(z) = z**3 - z**2 + 2*z - 2. Let t be a(2). Let q(u) = -u - 1. Let i(o) = t*q(o) - g(o). What is the tens digit of i(-9)?
1
Let l = -12 + 3. Let z = 14 + l. What is the units digit of z?
5
Let y = 4 - 3. Let q be (-2 - 1 - y) + -3. Let z = -1 - q. What is the units digit of z?
6
Suppose 5*p + h + 1316 = 9*p, 4*h = 3*p - 974. What is the tens digit of p?
3
Let q(k) = -k**3 + 18*k**2 - 26*k + 13. What is the hundreds digit of q(12)?
5
Suppose -4*w = -2*g - 60, 0*w - 2*w = -4*g - 30. Suppose w*i - 24*i = -522. What is the units digit of i?
8
What is the units digit of 65 + 1 - 11/((-22)/(-4))?
4
What is the units digit of 23*(-3)/6*-2?
3
Let h = 90 + -87. Suppose b = -h*b + 544. What is the units digit of b?
6
Let a = 2411 + -1150. What is the units digit of a?
1
Suppose -6*m + 19 + 47 = 0. Suppose -19*d + m*d = -232. What is the tens digit of d?
2
Let w = 22 - 17. What is the tens digit of (13/1)/(((-10)/(-18))/w)?
1
Let o = -121 - -119. What is the units digit of -2 - (3 + 121*o)?
7
Let x be 0*(-4)/(-8) + 5. Suppose 0*i - 20 = -x*i. What is the tens digit of i/(-12) + 276/18?
1
Let p = -311 + 7. What is the tens digit of p/(-2) - 8/(-2)?
5
Suppose 75*i = 2*u + 80*i - 2589, 2*i = -10. What is the tens digit of u?
0
Suppose 0 = 3*p + z - 1570, -4*z + 604 = -2*p + 1660. What is the tens digit of p?
2
Let o(y) = y**3 - 5*y**2 - 4*y - 2. Let t be o(8). What is the tens digit of 6/4*t/3?
7
Suppose -11*w = -17*w - 1872. Let m = -76 - w. What is the units digit of m?
6
Let g be (-5256)/84 - 8/(-14). Let f = g - -123. What is the tens digit of f?
6
Suppose 4*x - 1561 + 253 = 0. What is the hundreds digit of x?
3
Let f = 89 - -259. What is the units digit of f?
8
What is the tens digit of (8688/(-36))/(-1 - (-3)/9)?
6
Suppose 2*v + 228 = 3*v. Suppose -3*z = 12, v = -5*x - 2*z + 1045. What is the units digit of x?
5
Suppose g = -4*g. Suppose 3*d - 120 + 39 = g. Suppose 0 = 4*f - 17 - d. What is the units digit of f?
1
Let u be (20 - 22) + (0 - -1) + -1. What is the units digit of (-29)/((u/4)/(-10 - -11))?
8
Let n = 843 - 405. What is the units digit of n?
8
Let x(b) = 2*b**2 - 9*b + 11. Let k be x(-8). Suppose k - 31 = 2*n. What is the tens digit of n?
9
Suppose -4*p - 542 = -b - 2*p, 3*b = -4*p + 1616. 